= 49*t**2 - 511*t - 119. Let u be x(13). What is the greatest common factor of 98 and u?
49
Suppose 3*c - 2*f - 147 = 0, 5*f - 194 = -3*c - 47. Suppose 31*l - c*l + 3186 = 0. What is the greatest common divisor of 236 and l?
59
Let r be -146*25/(-14) - 5/((-175)/10). Calculate the highest common factor of r and 3045.
87
Suppose 8*w - 11175 = -19*w + 33213. What is the highest common divisor of 36 and w?
12
Let i be (3/(-2))/3*18/18*-60. Let r = 423 - 213. Calculate the greatest common divisor of i and r.
30
Let g = 175 + -173. Let p be ((-40)/25)/((2/(-5))/g). Let o(b) = -b**3 - 3*b**2 - 7*b - 4. Let r be o(-4). Calculate the greatest common divisor of p and r.
8
Suppose -6*s - 2692 - 1208 = 0. Let w = s + 696. Let u(z) = 13*z**2 + 6*z. Let g be u(-4). Calculate the highest common divisor of w and g.
46
Let y be ((-20)/6)/((-10)/15). Suppose -y*c = -4 - 6, 5*c - 70 = -4*x. Let n be 4 - (-2 - (-3 + x)). What is the highest common divisor of n and 30?
6
Let w be (-1 + 23)*(-53)/(1166/(-616)). What is the greatest common divisor of 440 and w?
88
Let s = -9885 - -9963. What is the greatest common divisor of s and 559?
13
Suppose 0 = -5*a - 15, 4*a = -4*f + 2139 + 1193. Suppose -f = -25*y + 414. Calculate the greatest common factor of 110 and y.
10
Suppose i - 2*t + 6 = 5*i, 0 = 5*i - 5*t. Let n be ((-5)/15 - 0)/(i/(-6)). Suppose 0 = 2*q - 38 + 6. Calculate the highest common factor of n and q.
2
Suppose -5*k + 251030 = -5*c, 175*k - 100372 = 173*k - 3*c. What is the greatest common factor of k and 38?
38
Suppose -24*u + 238 = -8834. Suppose 3*g = -3*o + 2*o + 48, -176 = -4*o - 4*g. What is the greatest common divisor of o and u?
42
Suppose 118*c - 8272 = -1604 + 5250. Calculate the highest common factor of 48 and c.
1
Let i(v) = -5*v**2 - 111*v - 207. Let n be i(-20). What is the greatest common divisor of n and 351?
13
Suppose -257 = -8*q - 1. Let r = 52 + q. Suppose -2*d - r = -4*d. Calculate the greatest common divisor of d and 6.
6
Let c be 1442/8 + (-1)/4. Let o be ((-13740)/(-108) - 7) + (-46)/207. What is the highest common divisor of c and o?
60
Let u = -40 - -43. Suppose -u*t - 47 = -5*s - 2*t, 2*t = 2*s - 22. Suppose -s*b = -12*b + 768. What is the highest common factor of 32 and b?
32
Suppose 4*s - 5423 = -3*q, 3*q + 69*s = 73*s + 5455. Calculate the greatest common factor of q and 481.
37
Let f be 122/1281 - (-1)/(42/4826). Calculate the greatest common factor of 2645 and f.
115
Suppose -2*o = 11*o - 312. Let t(k) = -k**2 + 3*k - 3. Let m be t(8). Let j = 17 - m. What is the greatest common divisor of j and o?
12
Let v(q) = -2*q**2 + 144*q + 364. Let t be v(74). What is the greatest common divisor of 8262 and t?
34
Let v be (-6)/(-8) - 84/(-16). Let y be (-57 + v)/(3/(-2)). Suppose 15*a = 283 + 227. What is the greatest common divisor of y and a?
34
Let q be (-12)/(-9)*(24 + -36)*1*-5. Suppose 4*s = 16, -i - 5*s = -3*s - 208. Suppose -i = h - 2*h. What is the greatest common divisor of h and q?
40
Let s(b) = -45*b - 21. Let d(n) = -1. Let a(h) = d(h) + s(h). Let c be a(-6). Calculate the highest common factor of c and 31.
31
Let c be -7 + 51 - (8/(-2) + 1). Let y = -44 + c. Suppose -8*h + y*h = -30. What is the greatest common divisor of 12 and h?
6
Suppose -2*g + 39*q - 35*q + 5036 = 0, 2*g = 2*q + 5038. Calculate the highest common factor of g and 45.
45
Suppose 953 = 6*n - 5*j, 61*j - 62*j = 2*n - 299. Calculate the highest common factor of n and 63.
9
Suppose -2*d + 298 = 4*z, 4*z - 575 = -4*d + 3*z. Let k(w) = -4*w - 3*w - 45 - 3 - 23. Let y be k(-12). What is the highest common factor of y and d?
13
Let g = 24657 + -24552. What is the highest common divisor of 357 and g?
21
Let n be (-1076457)/(-102) + 1/(-2). Calculate the greatest common factor of 183 and n.
61
Suppose 27*b = 33*b - 90. What is the highest common divisor of b and 305?
5
Suppose 2*p + 238 = 230, 4*g - 4*p - 1360 = 0. Calculate the highest common factor of g and 2100.
84
Let d be (5/((-5)/4))/(168/(-71400)). Calculate the greatest common divisor of d and 68.
68
Let h(c) = c**3 - 2*c**2 + 10. Let p be h(0). Let l be 2/10 - 22/p. Let f be (-26)/l - (3 - 4). What is the greatest common divisor of 126 and f?
14
Let y(a) = 19*a**2 + a - 16. Let c be y(4). Let x = 509 - c. Suppose s + n - 55 = 0, 0 = -7*s + 3*s - 3*n + x. What is the greatest common factor of 130 and s?
26
Let u = -889 + 25915. What is the highest common factor of u and 258?
258
Suppose 5*p = -8*x + 42647, -x - 9 = -8. What is the highest common divisor of 19 and p?
19
Let z = 396 - 424. Let d be 336/49 + 24/z. What is the highest common factor of 8 and d?
2
Let p(i) = -346*i + 24293. Let x be p(70). Let t be (1 - 1/(-2))*438. Calculate the highest common divisor of t and x.
73
Let g = 852 + -591. Suppose -5*p - 5*h - 107 = -27, -5*h - 24 = p. Let r = 15 - p. Calculate the greatest common factor of r and g.
29
Suppose -94*r + 123*r - 242034 = 0. Calculate the greatest common factor of 78 and r.
78
Suppose 4*h - 3*s = s + 44, 0 = -s + 5. Let g = h - -152. Calculate the greatest common factor of 48 and g.
24
Suppose 24*p - 580 = -34*p. What is the highest common divisor of 55 and p?
5
Let l be (-7455)/(-994)*(384/21 + (-4)/14). Calculate the highest common factor of l and 3615.
15
Let b be ((-30)/(-2))/(280/168). What is the highest common divisor of b and 2223?
9
Let o = -248 + 720. Suppose -o = -6*x + 56. What is the highest common divisor of x and 8?
8
Let x(w) = 4*w**2 - 232*w + 243. Let s be x(57). Let l = 266 + -41. Calculate the greatest common factor of s and l.
15
Let u = 379 + -417. Let o(d) = d**3 + 37*d**2 - 37*d + 115. Let p be o(u). Calculate the highest common divisor of 56 and p.
7
Let o be -981 + (-15)/(-25) + 36/(-10). Let x be 0 - 5 - (o + -13). What is the highest common factor of 62 and x?
62
Let y = -474 - -738. Suppose 0 = 5*a - 111 - y. Suppose j = 3*j - 100. Calculate the greatest common divisor of j and a.
25
Suppose -13*n = -39*n + 10409 + 24847. Calculate the highest common factor of 1921 and n.
113
Let c = -4 + -5. Let u be -2*((-468)/(-8))/c. Let a be (-3)/(-3)*-1*(3 - 42). Calculate the highest common factor of u and a.
13
Let u = -15051 + 17032. What is the greatest common factor of 21 and u?
7
Suppose 1340 - 7780 = -38*n - 32*n. Calculate the highest common divisor of 483 and n.
23
Suppose -2*c - 677 = -3*v, 3*c - 5*c = 3*v - 697. Let u = -199 + v. Calculate the greatest common divisor of u and 135.
15
Let b be 10953*(3 - 1 - (-8 + (-75)/(-9))). What is the highest common divisor of b and 15?
15
Let n = 18768 + -7211. Calculate the highest common divisor of n and 91.
91
Let i(w) = 11*w - 6. Let q be i(6). Let f = 46354 - 46254. Calculate the greatest common factor of q and f.
20
Let r(i) = i**3 - 7*i**2 + 45*i - 487. Let z be r(9). Calculate the highest common divisor of 8740 and z.
20
Suppose 24*x - 19*x - 90 = 0. Let w = 932 - 565. Suppose -7*o = -w - 11. What is the greatest common factor of o and x?
18
Let n(z) = -2*z**2 + 66*z - 59. Let s be n(32). Suppose 0 = -w + s*i + 43, 4*i - 44 = -10*w + 8*w. Calculate the greatest common divisor of 42 and w.
14
Suppose 52 = d - 5*y - 50, -4*d = -y - 408. Suppose -2*k - 34 = -3*k. Calculate the greatest common factor of d and k.
34
Let g be (6/4)/((-11)/(-242)). Suppose 2*p + 726 = 4*p. What is the greatest common divisor of g and p?
33
Suppose 0 = 5*a - 0*a - 55. Suppose 106*c = 196*c - 15840. Calculate the highest common factor of a and c.
11
Suppose 53*r + 2*b = 52*r + 121, -4*b - 28 = 0. What is the greatest common factor of 645 and r?
15
Let z be (-66)/44*(1 - -3). Let u be 1/(-2)*-213 + z/4. What is the highest common divisor of u and 30?
15
Let p = 43056 - 31327. What is the greatest common divisor of 74 and p?
37
Suppose 36 = 3*u + 5*f - 93, -f - 149 = -4*u. Let g be -2 + 1 - (-1 - u). Let l(t) = 2*t + 85. Let d be l(5). Calculate the greatest common factor of d and g.
19
Let f(m) = m**3 + 47*m**2 - 83*m - 935. Let b be f(-48). What is the greatest common divisor of b and 1192?
149
Let k(i) = 5*i**2 + 26*i - 9*i + 27 - 4*i**2. Let f be k(-15). Let w be -6*(1/f - (-56)/(-12)). Calculate the greatest common divisor of w and 60.
30
Let q = 505 - 505. Let z = 130 - q. Calculate the greatest common divisor of z and 30.
